+ w**3 + 5*w**3 - 25*w**2. Calculate f(-1).
-5
Let o = -4603 - -4607. Let i(h) be the third derivative of h**6/120 - h**5/20 - h**4/12 - h**3/2 - h**2. Calculate i(o).
5
Let w(s) = 6*s - 3. Suppose -1 = -44*r + 46*r - 3*d, d = -2*r + 11. What is w(r)?
21
Let y(g) = -g**3 + 4*g**2 - 3*g - 9. Let x be y(4). Let a = -18 - x. Let f(p) = -p**a + 0 + 4 - 3 - 2*p. Give f(2).
-11
Let f(n) = -5*n. Suppose 0 = -2*y + 1 + 5. Let o(r) = -2*r + 5. Let i be o(y). Calculate f(i).
5
Let p(i) = -12*i - 2. Let u be 32/(-14) - 1 - (-6)/21. Determine p(u).
34
Let d(n) = n**3 + 6*n**2 - 3*n + 1. Let q(p) = -2*p**2 - 2*p - 2. Let s be q(1). Determine d(s).
19
Let g(x) = -2*x**3 + 6*x - 5*x**2 - 7 + 1 + 3*x**3. Suppose -3*a - 23 = -8*c + 3*c, -5*a - 21 = -4*c. What is g(c)?
2
Let z(x) = -4*x**3 - 3*x**2 + 4*x - 3. Suppose 2*p = 3*v - 6*v + 8, 5*v - 3*p = 7. Give z(v).
-39
Let r(v) = 29*v + 1. Let t(l) = 4*l - 125. Let g be t(31). Calculate r(g).
-28
Let m(n) = 4*n + 8. Let s(d) = 5 - 5*d - 6*d + 14*d. Let f(j) = 5*m(j) - 7*s(j). Determine f(11).
-6
Let i be 5/(-1)*6/(-15). Let a(k) = 3*k + 53 + k**i - 26 + k**3 - 4*k - 24. Determine a(0).
3
Let c = -13 + 11. Let k be 15/(-9) - c/3. Let p(n) be the first derivative of n**4/4 - n**3/3 + 11. Determine p(k).
-2
Let b(n) be the second derivative of 1/12*n**4 + 1/6*n**3 + 0*n**2 - 10*n + 0. What is b(3)?
12
Let y(k) = -10*k**2 + 24*k + 4. Let r(a) = -7*a**2 + 17*a + 3. Let f(b) = 7*r(b) - 5*y(b). Give f(-1).
3
Let w(s) = -5*s**2 - 2*s + 4*s**2 + 3 + 3*s. Suppose 0 = 2*o - 9 + 1. Suppose -f + 2*p = 5, 0*p - 3*p = -o*f - 15. Calculate w(f).
-9
Let k(u) be the second derivative of -u**2 - 1/20*u**5 + 0 + 20*u + 0*u**3 - 1/4*u**4. Calculate k(-3).
-2
Suppose -4*y + 3*a = -a + 120, -5*y - 185 = 2*a. Let b = 37 + y. Let c(s) = 4*s**2 - 4*s + 3. Determine c(b).
11
Let m(o) = 2*o**2 + 5*o - 7. Let b(w) = w**2 + 8*w - 5. Suppose 5*a + 4*k = 2, -a = -0*k + k. Suppose -a*n = 4 + 12. Let u be b(n). Determine m(u).
18
Let v(s) be the third derivative of -s**4/12 - s**3/6 - s**2. Let u(c) = 2*c**3 + 3*c**2 + c + 4. Let l be u(-2). Let d be l/(-6 + -2)*4. Determine v(d).
-3
Let m(n) = -1 + 0 + 2*n + n**2 - 5*n. Let t(x) = -x**2 + 7*x - 2. Let y be t(7). Let r be 3/(y + 12/4). Determine m(r).
-1
Let a(m) = 2*m**2. Let f be a(1). Let q(r) be the first derivative of r**4/4 - r**3/3 + r**2 - 3*r + 17. Let x be q(f). Let p(u) = -u**2 + 6*u. Determine p(x).
5
Let k(d) = d**3 - 3*d**2 + 3*d + 4. Let s be k(-3). Let t = s + 68. Let a(z) = -z + 2. Give a(t).
-7
Let l(i) = -16 - 20 - i**2 - 20 + 69 - 22 + 3*i. Determine l(4).
-13
Suppose 66*o - 5 = 71*o. Let z(b) = 48*b**3 - 1 - 22*b**3 - 27*b**3. Give z(o).
0
Let o(s) = -s**3 - 5*s**2 + 5*s + 6. Let d be 6/(2 - 21/6). Let a be (2 - -1 - (-5)/(-1)) + d. Determine o(a).
12
Suppose 0 = -3*m - 2*n + 17, 5*n = 12*m - 13*m - 16. Let t(b) = -b + 4. Calculate t(m).
-5
Suppose 0 = -5*f + 58*f + 212. Let j(m) = 3*m - 2 + 2. Give j(f).
-12
Let b(x) be the first derivative of x**2/2 - 1. Let p = -7479 + 7488. Determine b(p).
9
Suppose -15 = 5*m, 5*h - 20*m + 15*m - 10 = 0. Let d(f) = 57*f + 33. Let r(z) = 7*z + 4. Let o(l) = -4*d(l) + 33*r(l). Determine o(h).
-3
Suppose -3*y - 69 = 20*y. Let v(l) = -l**3 - l**2 + 7*l + 5. Give v(y).
2
Let h(m) be the first derivative of m**4/4 + 8*m**3/3 + 7*m**2/2 - 6*m - 415. Suppose -35 = 6*d - d. Determine h(d).
-6
Let m(r) = -3*r + 7. Let l(p) = -3*p - 4. Let w be l(-2). Let t be m(w). Let x(a) = -8*a**3 + a**2 - 1. Calculate x(t).
-8
Let x(i) = -i + 7. Let j(u) = 8*u + 2. Let y(c) = 7*c + 2. Let w(t) = -2*j(t) + 3*y(t). Let g be w(1). What is x(g)?
0
Let s(w) = -w**2 + 16*w - 26. Let v be s(14). Suppose -k = 3*k + v*n - 12, -16 = -5*k - 3*n. Let i(j) = -4*j + 2. Calculate i(k).
-6
Let t(w) = 7*w**3 + w**2 - 21*w - 10. Let x(j) = -3*j**3 - j**2 + 11*j + 5. Let l(v) = -2*t(v) - 5*x(v). Determine l(-5).
10
Suppose w + 5 = -5*t - 3, 0 = 5*t + 3*w + 4. Let n = 18 - 15. Let x(d) = -64*d**n + 4*d**2 - 4 + 2*d + 6 + 65*d**3. What is x(t)?
6
Let z be (-104)/(-54) - (0 + 12/(-162)). Let p(h) be the first derivative of h + 1 + 1/2*h**z - 1/3*h**3. Give p(2).
-1
Let m(z) = 5*z**2 - 4*z - 11. Let v(x) = -14*x**2 + 12*x + 31. Let i(r) = 11*m(r) + 4*v(r). What is i(6)?
-9
Let f(t) = -34*t**2 - t. Let d = 1572 + -1571. Calculate f(d).
-35
Let g(b) = b**2 + 17*b + 34. Let i be g(-15). Let w(f) = f**3 - 3*f**2 - 4*f - 6. What is w(i)?
-6
Let m(i) = i + 1. Let o = -1 - -3. Suppose 2*u + h = 25, -62 = -u - 3*u + 2*h. Suppose -n - u = -2*f - f, -f - o*n - 7 = 0. Calculate m(f).
4
Suppose -15 = 5*f - 3*b, -5*f - 3*b = -334 + 319. Let k(n) be the second derivative of 8*n - 1/6*n**3 + f - 4*n**2. Determine k(-8).
0
Suppose -3*a + 6 = 4*v - 6, 4*v - 5*a = 12. Suppose -4*l - 11 = -j, -v*l - 1 = -2*l - 2*j. Let m(x) = x**3 + 3*x**2 + 2*x - 3. Determine m(l).
-9
Suppose 2*y + 5*c - 17 = -y, -3*c - 13 = -4*y. Let p be (0/3)/(y + 0). Let j(l) = l**2 + 8. Give j(p).
8
Let n(y) = -y**3 - 5*y**2 + y - 2. Let l(t) = -t**3 - 16*t**2 + 14*t - 16. Let f be l(-17). Suppose 7*a = -f - 0. What is n(a)?
-7
Let v(k) = -7*k. Let l(j) = -15*j - 1. Suppose 0 = -11*z + 9*z + 26. Let a(t) = z*v(t) - 6*l(t). Calculate a(-6).
12
Let g(h) = -5*h - 11. Let k be g(-5). Let l = k - 13. Let a(r) = 3 - 2*r + l - 1. Give a(2).
-1
Let h(p) = 3*p**2 + 35*p + 9. Let n(c) = -6*c**2 - 71*c - 18. Let s(i) = -7*h(i) - 4*n(i). Let k be s(-13). Let o(r) = r**2 - 10*r + 11. Determine o(k).
2
Let u(p) = 69*p. Let a(w) = 28*w. Let y(v) = 12*a(v) - 5*u(v). Give y(1).
-9
Suppose -575 = -7*o - 533. Let y(l) = l**2 - 6*l + 1. What is y(o)?
1
Let r(t) = 3*t**2 + 15*t - 7. Let u = 6 - 8. Suppose q + 6 = -1. Let v(w) = -w**2 - 5*w + 2. Let m(a) = q*v(a) + u*r(a). Give m(-6).
6
Suppose 2*t = 5*l - 57, 2*l + 2*t = -3*t + 17. Suppose -3*m + l = -4. Let j(g) = -g. Let b(d) = -6*d - 4. Let x(n) = -b(n) + 8*j(n). Determine x(m).
-6
Let c(s) = s**2 - 12*s + 1. Suppose 0 = 5*n + 5, -4*n - 2 - 11 = -o. Determine c(o).
-26
Let z be (-1 + -5 + 4 + 1)*1. Let n(c) = -12*c**3 - c**2 - 2*c - 1. Calculate n(z).
12
Let l(j) be the third derivative of -j**4/24 + j**3/6 + j**2. Suppose -48 = -4*c + 2*c. Suppose 5*r - c = 3*r - 4*a, r + 4*a = 22. Calculate l(r).
-1
Let r(h) = 2 - 24*h**2 + 25*h**2 - 9 + 13*h. What is r(-13)?
-7
Let f(z) = -2*z**2 - 56*z - 54. Let j be f(-27). Let b(a) = -a**2 - 4. Determine b(j).
-4
Let l(h) be the first derivative of -h**6/180 - h**5/120 - h**4/6 - 26*h**3/3 + 12. Let j(p) be the third derivative of l(p). Calculate j(3).
-25
Let g be (-1)/(-1) - (-3 + 7)/4. Suppose 4*y - 5*j + 5 = g, -9*y + 10*y = 2*j + 1. Let b(n) = n**3 + 3*n**2 - 8*n - 6. Determine b(y).
-16
Let l(p) be the second derivative of p**5/20 - 5*p**4/12 - p**3 - p**2 - 17*p. Suppose 0 = -2*r - r + 18. Give l(r).
-2
Let z(w) = -3*w + 1. Let v(a) = 19*a - 10. Let s(q) = -v(q) - 6*z(q). Calculate s(10).
-6
Let o(g) = -g + 16. Let d be o(14). Let q(i) = -4*i**2 + 8*i**d + i + 4*i**2 - 3*i**2 - 3 + i**3. Give q(-5).
-8
Suppose 25 = 33*a - 28*a. Suppose -a*l + 3 = 8. Let z(y) = -5*y**2. Determine z(l).
-5
Suppose -9*k + 21 = -6. Suppose k*u - 9*u = 30. Let l(w) = w**2 + 3*w - 4. Determine l(u).
6
Let w(j) be the third derivative of -5*j**4/24 + 2*j**2 + 18. Give w(4).
-20
Let x(i) = -29*i + 2. Let o(r) = 14*r - 1. Let b(h) = -5*o(h) - 2*x(h). Suppose -2*y = -3 + 1. Give b(y).
-11
Let w(f) = 4*f + 5 + 10 + 3 - 3*f + 5. What is w(-16)?
7
Let x(n) = n**3 + 5*n**2 + 2*n - 3. Let j be (6/4)/((-22)/44). Determine x(j).
9
Let q(r) = 3*r**2 - 3*r**2 - 7*r + r**2 - 11. Let m = 47 - 36. Let k be m/(462/12) + 108/14. Give q(k).
-3
Let q(v) = v - 10. Let z(r) = -r + 11. Let k(p) = 3*q(p) + 4*z(p). Calculate k(19).
-5
Let h(z) be the third derivative of -z**6/120 + z**5/15 - z**4/24 + z**3/3 - 6*z**2. Suppose -52*k + 12 = -49*k. Calculate h(k).
-2
Let r(l) = 0*l - l**2 + 1 + 0*l - 4*l + 8*l - 7*l. Give r(-5).
-9
Suppose 4*h = -3*n + 267, 2*h + n + 43 = 178. Let x = h - 69. Let a(c) = c**2 - c + 6. Calculate a(x).
6
Let h(t) = t**3 - 6*t**2 + 13*t - 24. Let d be h(3). Let g(b) = b**3 + 12*b**2 + b + 6. What is g(d)?
-6
Suppose -5*v = 28 - 8. Let x = -16 - -21. Let f(b) = 7*b - 7. Let y(q) = -10*q + 10. Let d(m) = x*y(m) + 7*f(m). What is d(v)?
5
Let m(q) = 91*q - 9 + 13 - 47*q 